{"id":686,"date":"2021-02-22T13:21:18","date_gmt":"2021-02-22T16:21:18","guid":{"rendered":"http:\/\/hmlproj.com.br\/avanti\/cro-2\/"},"modified":"2022-02-10T09:53:17","modified_gmt":"2022-02-10T12:53:17","slug":"solucoes-cro-otimizacao-conversao","status":"publish","type":"page","link":"https:\/\/penseavanti.com.br\/ecommerce\/solucoes-cro-otimizacao-conversao\/","title":{"rendered":"Otimiza\u00e7\u00e3o de Convers\u00e3o"},"content":{"rendered":"","protected":false},"excerpt":{"rendered":"","protected":false},"author":3,"featured_media":0,"parent":0,"menu_order":86,"comment_status":"closed","ping_status":"closed","template":"tpl-services.php","meta":{"inline_featured_image":false,"footnotes":""},"acf":[],"yoast_head":"<!-- This site is optimized with the Yoast SEO plugin v21.9.1 - https:\/\/yoast.com\/wordpress\/plugins\/seo\/ -->\n<title>Ag\u00eancia de CRO - Otimiza\u00e7\u00e3o da Taxa de Convers\u00e3o Ecommerce VTEX<\/title>\n<meta name=\"description\" content=\"Avanti - Ag\u00eancia especializada em CRO para E-commerce e Lojas Virtuais VTEX. Conhe\u00e7a nossos pacotes de CRO e melhore sua convers\u00e3o.\" \/>\n<meta name=\"robots\" content=\"index, follow, max-snippet:-1, max-image-preview:large, max-video-preview:-1\" \/>\n<link rel=\"canonical\" href=\"https:\/\/penseavanti.com.br\/ecommerce\/solucoes-cro-otimizacao-conversao\/\" \/>\n<meta property=\"og:locale\" content=\"pt_BR\" \/>\n<meta property=\"og:type\" content=\"article\" \/>\n<meta property=\"og:title\" content=\"Ag\u00eancia de CRO - Otimiza\u00e7\u00e3o da Taxa de Convers\u00e3o Ecommerce VTEX\" \/>\n<meta property=\"og:description\" content=\"Avanti - Ag\u00eancia especializada em CRO para E-commerce e Lojas Virtuais VTEX. Conhe\u00e7a nossos pacotes de CRO e melhore sua convers\u00e3o.\" \/>\n<meta property=\"og:url\" content=\"https:\/\/penseavanti.com.br\/ecommerce\/solucoes-cro-otimizacao-conversao\/\" \/>\n<meta property=\"og:site_name\" content=\"Avanti | e-commerce e Marketing Digital\" \/>\n<meta property=\"article:publisher\" content=\"https:\/\/www.facebook.com\/penseavanti\/\" \/>\n<meta property=\"article:modified_time\" content=\"2022-02-10T12:53:17+00:00\" \/>\n<meta name=\"twitter:card\" content=\"summary_large_image\" \/>\n<!-- \/ Yoast SEO plugin. -->","yoast_head_json":{"title":"Ag\u00eancia de CRO - Otimiza\u00e7\u00e3o da Taxa de Convers\u00e3o Ecommerce VTEX","description":"Avanti - Ag\u00eancia especializada em CRO para E-commerce e Lojas Virtuais VTEX. Conhe\u00e7a nossos pacotes de CRO e melhore sua convers\u00e3o.","robots":{"index":"index","follow":"follow","max-snippet":"max-snippet:-1","max-image-preview":"max-image-preview:large","max-video-preview":"max-video-preview:-1"},"canonical":"https:\/\/penseavanti.com.br\/ecommerce\/solucoes-cro-otimizacao-conversao\/","og_locale":"pt_BR","og_type":"article","og_title":"Ag\u00eancia de CRO - Otimiza\u00e7\u00e3o da Taxa de Convers\u00e3o Ecommerce VTEX","og_description":"Avanti - Ag\u00eancia especializada em CRO para E-commerce e Lojas Virtuais VTEX. Conhe\u00e7a nossos pacotes de CRO e melhore sua convers\u00e3o.","og_url":"https:\/\/penseavanti.com.br\/ecommerce\/solucoes-cro-otimizacao-conversao\/","og_site_name":"Avanti | e-commerce e Marketing Digital","article_publisher":"https:\/\/www.facebook.com\/penseavanti\/","article_modified_time":"2022-02-10T12:53:17+00:00","twitter_card":"summary_large_image","schema":{"@context":"https:\/\/schema.org","@graph":[{"@type":"WebPage","@id":"https:\/\/penseavanti.com.br\/ecommerce\/solucoes-cro-otimizacao-conversao\/","url":"https:\/\/penseavanti.com.br\/ecommerce\/solucoes-cro-otimizacao-conversao\/","name":"Ag\u00eancia de CRO - Otimiza\u00e7\u00e3o da Taxa de Convers\u00e3o Ecommerce VTEX","isPartOf":{"@id":"https:\/\/penseavanti.com.br\/ecommerce\/#website"},"datePublished":"2021-02-22T16:21:18+00:00","dateModified":"2022-02-10T12:53:17+00:00","description":"Avanti - Ag\u00eancia especializada em CRO para E-commerce e Lojas Virtuais VTEX. Conhe\u00e7a nossos pacotes de CRO e melhore sua convers\u00e3o.","breadcrumb":{"@id":"https:\/\/penseavanti.com.br\/ecommerce\/solucoes-cro-otimizacao-conversao\/#breadcrumb"},"inLanguage":"pt-BR","potentialAction":[{"@type":"ReadAction","target":["https:\/\/penseavanti.com.br\/ecommerce\/solucoes-cro-otimizacao-conversao\/"]}]},{"@type":"BreadcrumbList","@id":"https:\/\/penseavanti.com.br\/ecommerce\/solucoes-cro-otimizacao-conversao\/#breadcrumb","itemListElement":[{"@type":"ListItem","position":1,"name":"In\u00edcio","item":"https:\/\/penseavanti.com.br\/ecommerce\/"},{"@type":"ListItem","position":2,"name":"Otimiza\u00e7\u00e3o de Convers\u00e3o"}]},{"@type":"WebSite","@id":"https:\/\/penseavanti.com.br\/ecommerce\/#website","url":"https:\/\/penseavanti.com.br\/ecommerce\/","name":"Avanti | e-commerce e Marketing Digital","description":"Acelerando GRANDES MARCAS no Com\u00e9rcio Digital. Como uma das maiores empresas de solu\u00e7\u00f5es para e-commerce do Brasil, a Avanti \u00e9 pioneira e especialista em usar o poder da tecnologia para acelerar o Com\u00e9rcio Digital do varejo, ind\u00fastria e servi\u00e7os","publisher":{"@id":"https:\/\/penseavanti.com.br\/ecommerce\/#organization"},"potentialAction":[{"@type":"SearchAction","target":{"@type":"EntryPoint","urlTemplate":"https:\/\/penseavanti.com.br\/ecommerce\/?s={search_term_string}"},"query-input":"required name=search_term_string"}],"inLanguage":"pt-BR"},{"@type":"Organization","@id":"https:\/\/penseavanti.com.br\/ecommerce\/#organization","name":"Avanti E-commerce e Marketing Digital","url":"https:\/\/penseavanti.com.br\/ecommerce\/","logo":{"@type":"ImageObject","inLanguage":"pt-BR","@id":"https:\/\/penseavanti.com.br\/ecommerce\/#\/schema\/logo\/image\/","url":"http:\/\/penseavanti.com.br\/wp-content\/uploads\/2021\/03\/Logo_A.png","contentUrl":"http:\/\/penseavanti.com.br\/wp-content\/uploads\/2021\/03\/Logo_A.png","width":200,"height":200,"caption":"Avanti E-commerce e Marketing Digital"},"image":{"@id":"https:\/\/penseavanti.com.br\/ecommerce\/#\/schema\/logo\/image\/"},"sameAs":["https:\/\/www.facebook.com\/penseavanti\/","https:\/\/www.instagram.com\/penseavanti\/","https:\/\/www.linkedin.com\/company\/penseavanti\/","https:\/\/youtube.com\/user\/penseavanti\/"]}]}},"_links":{"self":[{"href":"https:\/\/penseavanti.com.br\/ecommerce\/wp-json\/wp\/v2\/pages\/686"}],"collection":[{"href":"https:\/\/penseavanti.com.br\/ecommerce\/wp-json\/wp\/v2\/pages"}],"about":[{"href":"https:\/\/penseavanti.com.br\/ecommerce\/wp-json\/wp\/v2\/types\/page"}],"author":[{"embeddable":true,"href":"https:\/\/penseavanti.com.br\/ecommerce\/wp-json\/wp\/v2\/users\/3"}],"replies":[{"embeddable":true,"href":"https:\/\/penseavanti.com.br\/ecommerce\/wp-json\/wp\/v2\/comments?post=686"}],"version-history":[{"count":51,"href":"https:\/\/penseavanti.com.br\/ecommerce\/wp-json\/wp\/v2\/pages\/686\/revisions"}],"predecessor-version":[{"id":18199,"href":"https:\/\/penseavanti.com.br\/ecommerce\/wp-json\/wp\/v2\/pages\/686\/revisions\/18199"}],"wp:attachment":[{"href":"https:\/\/penseavanti.com.br\/ecommerce\/wp-json\/wp\/v2\/media?parent=686"}],"curies":[{"name":"wp","href":"https:\/\/api.w.org\/{rel}","templated":true}]}}